{"id":3247,"date":"2018-07-03T14:35:26","date_gmt":"2018-07-03T12:35:26","guid":{"rendered":"http:\/\/cabinepertrattori.com\/?product=import-placeholder-for-1167"},"modified":"2020-11-18T12:29:17","modified_gmt":"2020-11-18T11:29:17","slug":"cabina-per-trattori-john-deere-5075gl-5085gl","status":"publish","type":"product","link":"https:\/\/cabinepertrattori.it\/?product=cabina-per-trattori-john-deere-5075gl-5085gl","title":{"rendered":"H\u00fctten f\u00fcr landwirtschaftliche Zugmaschinen Trentincab  JOHN DEERE 5075GL &#8211; 5085GL"},"content":{"rendered":"<p>H\u00fctten f\u00fcr landwirtschaftliche Zugmaschinen Trentincab JOHN DEERE 5075GL &#8211; 5085GL.<\/p>\n<p>Cabines pour tracteurs agricoles fabriqu\u00e9es en Italie.<\/p>\n<p>Cabins for agricultural tractors made in Italy.<\/p>\n<p>Cabines para tratores agr\u00edcolas fabricadas na It\u00e1lia.<\/p>\n<p>Kabinen f\u00fcr landwirtschaftliche Traktoren made in Italy.<\/p>\n<p>Cabinas para tractores agr\u00edcolas fabricados en Italia.<\/p>\n<p>Kabine za poljoprivredne traktore proizvedene u Italiji.<\/p>\n<p>Kabine za kmetijske traktorje italijanske izdelave.<\/p>\n","protected":false},"excerpt":{"rendered":"<p>H\u00fctten f\u00fcr landwirtschaftliche Zugmaschinen Trentincab JOHN DEERE 5075GL &#8211; 5085GL.<\/p>\n","protected":false},"featured_media":3975,"comment_status":"closed","ping_status":"closed","template":"","meta":{"rank_math_lock_modified_date":false},"product_cat":[44],"product_tag":[],"class_list":{"0":"post-3247","1":"product","2":"type-product","3":"status-publish","4":"has-post-thumbnail","6":"product_cat-john-deere","8":"first","9":"instock","10":"shipping-taxable","11":"product-type-simple"},"_links":{"self":[{"href":"https:\/\/cabinepertrattori.it\/index.php?rest_route=\/wp\/v2\/product\/3247"}],"collection":[{"href":"https:\/\/cabinepertrattori.it\/index.php?rest_route=\/wp\/v2\/product"}],"about":[{"href":"https:\/\/cabinepertrattori.it\/index.php?rest_route=\/wp\/v2\/types\/product"}],"replies":[{"embeddable":true,"href":"https:\/\/cabinepertrattori.it\/index.php?rest_route=%2Fwp%2Fv2%2Fcomments&post=3247"}],"version-history":[{"count":9,"href":"https:\/\/cabinepertrattori.it\/index.php?rest_route=\/wp\/v2\/product\/3247\/revisions"}],"predecessor-version":[{"id":7360,"href":"https:\/\/cabinepertrattori.it\/index.php?rest_route=\/wp\/v2\/product\/3247\/revisions\/7360"}],"wp:featuredmedia":[{"embeddable":true,"href":"https:\/\/cabinepertrattori.it\/index.php?rest_route=\/wp\/v2\/media\/3975"}],"wp:attachment":[{"href":"https:\/\/cabinepertrattori.it\/index.php?rest_route=%2Fwp%2Fv2%2Fmedia&parent=3247"}],"wp:term":[{"taxonomy":"product_cat","embeddable":true,"href":"https:\/\/cabinepertrattori.it\/index.php?rest_route=%2Fwp%2Fv2%2Fproduct_cat&post=3247"},{"taxonomy":"product_tag","embeddable":true,"href":"https:\/\/cabinepertrattori.it\/index.php?rest_route=%2Fwp%2Fv2%2Fproduct_tag&post=3247"}],"curies":[{"name":"wp","href":"https:\/\/api.w.org\/{rel}","templated":true}]}}